factor of 6 and 1194?
6
What is the highest common divisor of 5795 and 95?
95
What is the greatest common factor of 36 and 1818?
18
What is the greatest common factor of 102 and 6596?
34
Calculate the greatest common factor of 377 and 116.
29
What is the highest common factor of 1274 and 104?
26
Calculate the highest common divisor of 241 and 25787.
241
Calculate the greatest common divisor of 147 and 231.
21
What is the greatest common factor of 119 and 2261?
119
Calculate the highest common factor of 5733 and 63.
63
Calculate the highest common factor of 8218 and 14.
14
Calculate the greatest common factor of 1260 and 1332.
36
Calculate the highest common factor of 2370 and 45.
15
Calculate the greatest common divisor of 48 and 1056.
48
What is the greatest common divisor of 138 and 4?
2
Calculate the greatest common factor of 273 and 52.
13
What is the highest common factor of 4 and 50?
2
Calculate the greatest common divisor of 732 and 61.
61
Calculate the highest common factor of 314 and 15229.
157
Calculate the greatest common divisor of 3 and 51.
3
What is the highest common factor of 43 and 1376?
43
What is the highest common factor of 2136 and 24?
24
What is the highest common factor of 2 and 14?
2
Calculate the highest common factor of 8255 and 13.
13
Calculate the greatest common divisor of 13357 and 111.
37
What is the greatest common divisor of 58 and 2?
2
Calculate the greatest common factor of 1607 and 1.
1
Calculate the greatest common divisor of 236 and 590.
118
Calculate the highest common factor of 702 and 26.
26
What is the highest common divisor of 1192 and 8?
8
Calculate the highest common factor of 280 and 40.
40
Calculate the highest common factor of 96 and 2400.
96
What is the greatest common factor of 7152 and 48?
48
Calculate the highest common factor of 59350 and 100.
50
What is the greatest common divisor of 12 and 1236?
12
Calculate the greatest common divisor of 1 and 16.
1
Calculate the greatest common divisor of 636 and 192.
12
Calculate the greatest common divisor of 428 and 321.
107
Calculate the greatest common factor of 54 and 22248.
54
Calculate the greatest common factor of 102 and 680.
34
What is the greatest common divisor of 75 and 3?
3
What is the greatest common factor of 258 and 9417?
129
What is the greatest common divisor of 41 and 123?
41
What is the highest common factor of 12 and 300?
12
What is the highest common factor of 2169 and 9?
9
What is the highest common divisor of 36896 and 96?
32
What is the highest common divisor of 70 and 14?
14
What is the greatest common factor of 486 and 846?
18
What is the highest common divisor of 5486 and 52?
26
Calculate the highest common factor of 39296 and 64.
64
What is the highest common factor of 272 and 416?
16
Calculate the greatest common divisor of 808 and 48.
8
What is the highest common divisor of 60 and 48?
12
What is the highest common factor of 31100 and 25?
25
Calculate the greatest common factor of 1314 and 42.
6
What is the greatest common divisor of 402 and 6?
6
What is the highest common divisor of 31 and 17?
1
Calculate the highest common divisor of 12 and 174.
6
Calculate the greatest common factor of 12 and 2724.
12
Calculate the greatest common divisor of 51 and 6.
3
Calculate the highest common divisor of 242 and 11.
11
Calculate the highest common divisor of 1212 and 156.
12
Calculate the highest common factor of 2505 and 285.
15
What is the greatest common divisor of 136 and 592?
8
Calculate the greatest common factor of 198 and 726.
66
Calculate the highest common divisor of 530 and 10.
10
Calculate the greatest common factor of 200 and 425.
25
Calculate the highest common divisor of 26 and 20813.
13
What is the greatest common factor of 462 and 294?
42
Calculate the greatest common divisor of 24 and 1884.
12
What is the greatest common factor of 288 and 16?
16
What is the greatest common divisor of 133 and 14?
7
Calculate the greatest common divisor of 3615 and 195.
15
Calculate the greatest common divisor of 5511 and 33.
33
Calculate the highest common factor of 12 and 4452.
12
Calculate the highest common factor of 2240 and 35.
35
Calculate the greatest common factor of 46 and 2231.
23
What is the highest common divisor of 12 and 804?
12
What is the highest common factor of 270 and 50?
10
Calculate the highest common divisor of 48 and 2928.
48
What is the greatest common divisor of 441 and 4557?
147
What is the greatest common factor of 36 and 3924?
36
Calculate the highest common factor of 42 and 28.
14
Calculate the highest common divisor of 495 and 18.
9
What is the greatest common divisor of 1943 and 134?
67
Calculate the greatest common divisor of 5499 and 234.
117
What is the highest common divisor of 40 and 64?
8
What is the highest common factor of 2133 and 27?
27
What is the greatest common factor of 24 and 232?
8
Calculate the greatest common factor of 33 and 507.
3
Calculate the highest common divisor of 1128 and 7050.
282
Calculate the highest common divisor of 2 and 9.
1
What is the highest common factor of 159 and 19?
1
What is the highest common divisor of 1005 and 375?
15
Calculate the highest common factor of 247 and 57.
19
Calculate the greatest common divisor of 416 and 288.
32
What is the highest common factor of 165 and 33?
33
What is the greatest common factor of 1770 and 150?
30
Calculate the highest common divisor of 84 and 3297.
21
What is the greatest common divisor of 117 and 36?
9
What is the highest common divisor of 8864 and 32?
32
What is the greatest common divisor of 884 and 204?
68
Calculate the greatest common divisor of 1233 and 198.
9
Calculate the highest common factor of 2108 and 68.
68
What is the highest common factor of 867 and 204?
51
Calculate the highest common factor of 763 and 545.
109
Calculate the highest common divisor of 160 and 290.
10
What is the greatest common divisor of 108 and 288?
36
What is the greatest common divisor of 6280 and 20?
20
Calculate the greatest common factor of 1640 and 40.
40
What is the highest common divisor of 344 and 86?
86
What is the highest common factor of 200 and 2725?
25
What is the greatest common factor of 34 and 22406?
34
Calculate the highest common divisor of 1191 and 6.
3
Calculate the highest common factor of 90 and 12.
6
What is the greatest common divisor of 184 and 276?
92
Calculate the highest common factor of 176 and 11264.
176
What is the highest common divisor of 11 and 33?
11
Calculate the highest common factor of 630 and 3444.
42
Calculate the highest common divisor of 287 and 1763.
41
What is the greatest common factor of 210 and 1120?
70
Calculate the greatest common divisor of 864 and 459.
27
What is the highest common divisor of 1273 and 67?
67
What is the greatest common divisor of 260 and 312?
52
Calculate the highest common factor of 144 and 10800.
144
What is the greatest common divisor of 23 and 2461?
23
Calculate the greatest common factor of 8 and 1.
1
Calculate the greatest common divisor of 18 and 15.
3
Calculate the greatest common factor of 1334 and 184.
46
What is the highest common divisor of 28 and 3556?
28
Calculate the greatest common factor of 3245 and 177.
59
Calculate the greatest common factor of 1035 and 207.
207
What is the greatest common factor of 195 and 10569?
39
What is the highest common factor of 1897 and 7?
7
What is the highest common factor of 776 and 2?
2
Calculate the greatest common factor of 4 and 284.
4
What is the greatest common divisor of 390 and 13?
13
Calculate the greatest common factor of 88 and 308.
44
What is the highest common factor of 2124 and 1652?
236
What is the highest common factor of 22750 and 28?
14
What is the greatest common factor of 135 and 15?
15
What is the greatest common divisor of 42 and 330?
6
Calculate the greatest common factor of 525 and 50.
25
What is the greatest common factor of 882 and 2107?
49
Calculate the greatest common factor of 616 and 352.
88
What is the greatest common divisor of 98 and 420?
14
What is the highest common factor of 130591 and 43?
43
What is the highest common divisor of 1586 and 52?
26
Calculate the greatest common divisor of 16 and 66.
2
Calculate the highest common divisor of 252 and 132.
12
What is the greatest common di